132952601 composite?
True
Is 643355221 composite?
False
Is 3135977 a prime number?
False
Is 9281563 a composite number?
True
Is 4615601 a prime number?
True
Is 2547107 a prime number?
True
Is 17010683 prime?
True
Is 2605517 a prime number?
False
Is 6912111 a prime number?
False
Is 3293474 a prime number?
False
Is 9358147 prime?
False
Is 9935911 prime?
True
Is 191227 a composite number?
False
Is 15969389 a composite number?
False
Is 2938069 composite?
False
Is 102483221 a composite number?
False
Is 10209863 prime?
True
Is 44291389 composite?
True
Is 342299 prime?
True
Is 12158579 prime?
False
Is 3260047 a prime number?
False
Is 91212809 a composite number?
True
Is 288566309 composite?
True
Is 4954211 a prime number?
True
Is 3228563 a prime number?
False
Is 1170077 prime?
False
Is 3456971 prime?
False
Is 54649199 a composite number?
True
Is 87496315 composite?
True
Is 24641141 composite?
True
Is 2448457 a composite number?
True
Is 8592889 a composite number?
False
Is 37784617 prime?
False
Is 8767897 composite?
True
Is 92117093 a prime number?
False
Is 1448497 composite?
False
Is 123417577 a composite number?
False
Is 4277399 prime?
False
Is 142165729 a prime number?
False
Is 63771989 a prime number?
True
Is 10429847 a prime number?
True
Is 2309141 a composite number?
True
Is 75956483 a composite number?
False
Is 16699621 a composite number?
True
Is 558317017 a prime number?
True
Is 7853089 a composite number?
True
Is 13405751 composite?
False
Is 941917 a composite number?
True
Is 18495211 prime?
False
Is 119810329 composite?
True
Is 39600969 prime?
False
Is 15690673 a composite number?
False
Is 225023 composite?
False
Is 225371 composite?
False
Is 42704479 a prime number?
True
Is 113846047 a prime number?
False
Is 5200883 composite?
False
Is 50579927 a composite number?
False
Is 114967921 prime?
True
Is 3841367 a composite number?
False
Is 1490887 a prime number?
False
Is 80393081 a composite number?
False
Is 222487 a composite number?
True
Is 41743519 a composite number?
False
Is 271431991 composite?
False
Is 51758783 composite?
False
Is 2728873 a prime number?
False
Is 2328411 a prime number?
False
Is 1504637 composite?
True
Is 821993 a composite number?
False
Is 2654989 a prime number?
True
Is 101885741 a prime number?
True
Is 196641017 prime?
True
Is 754135 a prime number?
False
Is 107758591 prime?
True
Is 18594347 a prime number?
True
Is 1392527 a composite number?
False
Is 752795831 prime?
True
Is 29871689 prime?
True
Is 553123 a prime number?
True
Is 10822261 prime?
False
Is 118665641 a composite number?
False
Is 445559 prime?
False
Is 3628709 composite?
True
Is 265288217 a prime number?
False
Is 15884249 a composite number?
False
Is 2020147 composite?
False
Is 6975323 a prime number?
True
Is 112619693 composite?
False
Is 132968527 composite?
False
Is 568433 a prime number?
True
Is 16686677 a prime number?
False
Is 136599349 composite?
False
Is 3486199 prime?
True
Is 3465179 composite?
False
Is 281495 prime?
False
Is 15935459 prime?
False
Is 81995723 a prime number?
True
Is 13393031 composite?
True
Is 766163 prime?
True
Is 195741631 a composite number?
False
Is 6162391 composite?
False
Is 8078267 composite?
True
Is 5241857 prime?
True
Is 377561311 prime?
True
Is 3018733 composite?
False
Is 57929549 a composite number?
False
Is 155807 a composite number?
True
Is 6118603 prime?
False
Is 2861531 prime?
True
Is 201012779 a composite number?
True
Is 669763 composite?
False
Is 64527583 a composite number?
False
Is 628836493 prime?
False
Is 62286121 composite?
True
Is 972599 a prime number?
True
Is 29724719 prime?
False
Is 21558037 composite?
False
Is 95395727 a prime number?
False
Is 1762807645 prime?
False
Is 1656273819 prime?
False
Is 444857299 a composite number?
False
Is 1386488117 a composite number?
True
Is 262747811 composite?
False
Is 18780807 a composite number?
True
Is 418537369 prime?
False
Is 136444069 a composite number?
False
Is 1258133 a prime number?
True
Is 2182543 a composite number?
True
Is 60201191 a composite number?
False
Is 7313503 a prime number?
True
Is 397127 prime?
True
Is 16746931 prime?
True
Is 1823474 composite?
True
Is 3750827 a prime number?
True
Is 2216351 a prime number?
True
Is 7166209 prime?
True
Is 1490171 a prime number?
True
Is 78365939 a composite number?
False
Is 3501137 a composite number?
False
Is 126814811 prime?
False
Is 4000387 a prime number?
False
Is 47147813 composite?
True
Is 14822407 a composite number?
True
Is 1645913 prime?
False
Is 31942597 prime?
True
Is 28554683 composite?
False
Is 1329733 composite?
False
Is 21194573 composite?
False
Is 267138331 prime?
False
Is 134182283 a prime number?
True
Is 47331898 composite?
True
Is 7191887 prime?
False
Is 74471831 a composite number?
True
Is 220935787 a prime number?
True
Is 15803651 prime?
True
Is 3176347 prime?
False
Is 950921 composite?
False
Is 816833 composite?
True
Is 7271239 composite?
True
Is 404897 composite?
True
Is 4309987 prime?
False
Is 47751523 a prime number?
False
Is 260841221 a prime number?
False
Is 64892915 a composite number?
True
Is 250140353 a prime number?
False
Is 141771374 prime?
False
Is 12006179 prime?
True
Is 24995011 composite?
True
Is 2878643 a prime number?
False
Is 85639579 a composite number?
False
Is 185684497 prime?
False
Is 1021677 a prime number?
False
Is 762809 a prime number?
True
Is 319357067 a prime number?
False
Is 340399327 prime?
False
Is 4077377 a composite number?
True
Is 55806367 composite?
False
Is 64114373 a prime number?
True
Is 1323431113 a composite number?
True
Is 4636283 prime?
False
Is 4184299 prime?
False
Is 7256983 prime?
False
Is 24370067 a composite number?
False
Is 208614079 a composite number?
False
Is 21959171 a prime number?
False
Is 958423 prime?
True
Is 2814343 a prime number?
False
Is 6226901 a prime number?
True
Is 81460837 composite?
False
Is 23707183 a prime number?
False
Is 93418091 a composite number?
True
Is 93852791 composite?
False
Is 507109 prime?
True
Is 1176481 a prime number?
False
Is 2135051 composite?
False
Is 1171747 a composite number?
False
Is 11376494 a composite number?
True
Is 615661 a prime number?
True
Is 42942821 a composite number?
False
Is 66971161 prime?
False
Is 8346407 prime?
True
Is 1138967 composite?
False
Is 231093347 a composite number?
True
Is 32159567 composite?
True
Is 175356559 a prime number?
False
Is 656671 composite?
False
Is 820647109 a prime number?
False
Is 558404018 a prime number?
False
Is 34447661 composite?
True
Is 9581893 composite?
False
Is 49220439 composite?
True
Is 260045 a prime number?
False
Is 155464147 prime?
True
Is 5858569 prime?
False
Is 52026789 a prime number?
False
Is 55163687 prime?
False
Is 383573 composite?
False
Is 376349957 prime?
True
Is 1792103 prime?
True
Is 6539551 prime?
True
Is 2885341 a prime number?
True
Is 1418017 prime?
False
Is 15069443 prime?
True
Is 123786269 a composite number?
True
Is 73640183 a composite number?
False
Is 101998607 composite?
False
Is 95188211 a composite number?
False
Is 150736381 a prime number?
True
Is 16388903 prime?
False
Is 55152047 composite?
False
Is 5957183 a prime number?
False
Is 889454627 prime?
True
Is 141932053 prime?
False
Is 11283439 a prime number?
True
Is 83149445 composite?
True
Is 32087477 composite?
False
Is 45233981 a prime number?
False
Is 1656817 composite?
True
Is 15517655 composite?
True
Is 107568061 a composite number?
True
Is 27675743 a prime number?
False
Is 5656577 prime?
True
Is 423341 prime?
True
Is 6777409 a composite number?
True
Is 19994879 a composite number?
False
Is 68487361 prime?
True
Is 4972273 a prime number?
False
Is 33503831 a prime number?
False
Is 49961671 composite?
True
Is 1314251 composite?
True
Is 5662649 composite?
True
Is 74096983 a prime number?
False
Is 9857119 composite?
True
Is 17279627 a composite number?
True
Is 373962287 composite?
False
Is 844001 prime?
True
Is 2950471 composite?
True
Is 149185969 a composite number?
False
Is 187841611 a composite number?
False
Is 31749987 a prime number?
False
Is 146201 a prime number?
False
Is 177110311 a prime number?
False
Is 294383 a prime number?
True
Is 59092273 prime?
True
Is 84499391 a prime number?
True
Is 50469647 a composite number?
True
Is 4137689 a prime number?
False
Is 8559